{"id":2,"date":"2017-04-14T14:13:30","date_gmt":"2017-04-14T12:13:30","guid":{"rendered":"http:\/\/musee-laruedutempsquipasse.fr\/?page_id=2"},"modified":"2026-02-26T19:13:46","modified_gmt":"2026-02-26T18:13:46","slug":"page-d-exemple","status":"publish","type":"page","link":"https:\/\/musee-laruedutempsquipasse.fr\/","title":{"rendered":"Bienvenue !"},"content":{"rendered":"\n<h3 class=\"wp-block-heading has-text-align-center has-text-color\" style=\"color:#a30000\"><strong><span class=\"has-inline-color has-vivid-red-color\">Bienvenue sur le site internet du <\/span><\/strong><\/h3>\n\n\n\n<h3 class=\"wp-block-heading has-text-align-center has-text-color\" style=\"color:#a30000\"><mark style=\"background-color:rgba(0, 0, 0, 0)\" class=\"has-inline-color has-vivid-red-color\"><strong>Mus\u00e9e de la Rue du temps qui passe..<\/strong>.<\/mark><\/h3>\n\n\n\n<hr class=\"wp-block-separator has-alpha-channel-opacity\"\/>\n\n\n\n<h3 class=\"wp-block-heading has-text-align-center has-vivid-red-color has-text-color has-link-color wp-elements-c5ff4704d600a859120e861f5d57318d\"><strong>Le mus\u00e9e rouvrira ses portes le : <\/strong><\/h3>\n\n\n\n<h3 class=\"wp-block-heading has-text-align-center has-vivid-red-color has-text-color has-link-color wp-elements-b9e69185152381b7016e14935234209f\"><strong>vendredi 3 avril 2026<\/strong> !<\/h3>\n\n\n\n<hr class=\"wp-block-separator has-alpha-channel-opacity\"\/>\n\n\n\n<h3 class=\"wp-block-heading has-text-align-center has-text-color\" style=\"color:#a30000\"><mark style=\"background-color:rgba(0, 0, 0, 0)\" class=\"has-inline-color has-vivid-red-color\"><\/mark><\/h3>\n\n\n\n<iframe loading=\"lazy\" width=\"560\" height=\"315\" src=\"https:\/\/www.youtube.com\/embed\/y-qHvOzr3nY\" title=\"YouTube video player\" frameborder=\"0\" allow=\"accelerometer; autoplay; clipboard-write; encrypted-media; gyroscope; picture-in-picture\" allowfullscreen=\"\"><\/iframe>\n\n\n\n<p><em>Le mus\u00e9e de La Rue du temps qui passe, c&rsquo;est quoi ?<\/em><\/p>\n\n\n\n<p>Imaginez-vous pouvoir remonter dans le pass\u00e9, le temps d&rsquo;une promenade dans des rues commer\u00e7antes du d\u00e9but du si\u00e8cle dernier. Le temps o\u00f9 l&rsquo;\u00e9lectricit\u00e9 et l&rsquo;eau courante ne faisaient pas partie du quotidien,<\/p>\n\n\n<div class=\"wp-block-image\">\n<figure class=\"aligncenter\"><img loading=\"lazy\" decoding=\"async\" width=\"218\" height=\"300\" src=\"http:\/\/musee-laruedutempsquipasse.fr\/wp-content\/uploads\/2019\/11\/photositenov201923-218x300.jpg\" alt=\"\" class=\"wp-image-287\" srcset=\"https:\/\/musee-laruedutempsquipasse.fr\/wp-content\/uploads\/2019\/11\/photositenov201923-218x300.jpg 218w, https:\/\/musee-laruedutempsquipasse.fr\/wp-content\/uploads\/2019\/11\/photositenov201923.jpg 500w\" sizes=\"auto, (max-width: 218px) 100vw, 218px\" \/><\/figure><\/div>\n\n<div class=\"wp-block-image\">\n<figure class=\"aligncenter\"><img loading=\"lazy\" decoding=\"async\" width=\"300\" height=\"225\" src=\"http:\/\/musee-laruedutempsquipasse.fr\/wp-content\/uploads\/2019\/11\/coiffeurnuitnov2019-300x225.jpg\" alt=\"\" class=\"wp-image-310\" srcset=\"https:\/\/musee-laruedutempsquipasse.fr\/wp-content\/uploads\/2019\/11\/coiffeurnuitnov2019-300x225.jpg 300w, https:\/\/musee-laruedutempsquipasse.fr\/wp-content\/uploads\/2019\/11\/coiffeurnuitnov2019.jpg 500w\" sizes=\"auto, (max-width: 300px) 100vw, 300px\" \/><\/figure><\/div>\n\n\n<p>Le temps o\u00f9 l&rsquo;automobile faisait ses premiers tours de roues,<br>Le temps o\u00f9 le r\u00e9mouleur affutait vos couteaux dans la rue,<br>Le temps o\u00f9 le cordonnier confectionnait vos souliers, &#8230;.<\/p>\n\n\n<div class=\"wp-block-image\">\n<figure class=\"aligncenter\"><img loading=\"lazy\" decoding=\"async\" width=\"300\" height=\"225\" src=\"http:\/\/musee-laruedutempsquipasse.fr\/wp-content\/uploads\/2019\/11\/photositenov20194-300x225.jpg\" alt=\"\" class=\"wp-image-267\" srcset=\"https:\/\/musee-laruedutempsquipasse.fr\/wp-content\/uploads\/2019\/11\/photositenov20194-300x225.jpg 300w, https:\/\/musee-laruedutempsquipasse.fr\/wp-content\/uploads\/2019\/11\/photositenov20194.jpg 500w\" sizes=\"auto, (max-width: 300px) 100vw, 300px\" \/><\/figure><\/div>\n\n\n<p>C&rsquo;est, \u00e0 l&rsquo;origine, un p\u00e8re et sa fille qui sont \u00e0 l&rsquo;initiative de la cr\u00e9ation d&rsquo;espaces, reconstituant des sc\u00e8nes de la vie d&rsquo;autrefois, destin\u00e9s, au d\u00e9part, \u00e0 mettre en valeur plusieurs vieilles automobiles. De cette passion est n\u00e9, le garage le plus insolite de toute la R\u00e9gion : une rue des ann\u00e9es 1900\u2026<\/p>\n","protected":false},"excerpt":{"rendered":"<p>Bienvenue sur le site internet du Mus\u00e9e de la Rue du temps qui passe&#8230; Le mus\u00e9e rouvrira ses portes le : vendredi 3 avril 2026 ! Le mus\u00e9e de La Rue du temps qui passe, c&rsquo;est quoi ? Imaginez-vous pouvoir remonter dans le pass\u00e9, le temps d&rsquo;une promenade dans des rues commer\u00e7antes du d\u00e9but du &#8230; <span class=\"more\"><a class=\"more-link\" href=\"https:\/\/musee-laruedutempsquipasse.fr\/\">[Read more&#8230;]<\/a><\/span><\/p>\n","protected":false},"author":1,"featured_media":0,"parent":0,"menu_order":0,"comment_status":"closed","ping_status":"open","template":"","meta":{"jetpack_post_was_ever_published":false,"footnotes":""},"class_list":["entry","page","publish","author-admin3668","post-2"],"jetpack_sharing_enabled":true,"jetpack_shortlink":"https:\/\/wp.me\/P8Jj4g-2","jetpack_likes_enabled":true,"_links":{"self":[{"href":"https:\/\/musee-laruedutempsquipasse.fr\/index.php?rest_route=\/wp\/v2\/pages\/2","targetHints":{"allow":["GET"]}}],"collection":[{"href":"https:\/\/musee-laruedutempsquipasse.fr\/index.php?rest_route=\/wp\/v2\/pages"}],"about":[{"href":"https:\/\/musee-laruedutempsquipasse.fr\/index.php?rest_route=\/wp\/v2\/types\/page"}],"author":[{"embeddable":true,"href":"https:\/\/musee-laruedutempsquipasse.fr\/index.php?rest_route=\/wp\/v2\/users\/1"}],"replies":[{"embeddable":true,"href":"https:\/\/musee-laruedutempsquipasse.fr\/index.php?rest_route=%2Fwp%2Fv2%2Fcomments&post=2"}],"version-history":[{"count":87,"href":"https:\/\/musee-laruedutempsquipasse.fr\/index.php?rest_route=\/wp\/v2\/pages\/2\/revisions"}],"predecessor-version":[{"id":597,"href":"https:\/\/musee-laruedutempsquipasse.fr\/index.php?rest_route=\/wp\/v2\/pages\/2\/revisions\/597"}],"wp:attachment":[{"href":"https:\/\/musee-laruedutempsquipasse.fr\/index.php?rest_route=%2Fwp%2Fv2%2Fmedia&parent=2"}],"curies":[{"name":"wp","href":"https:\/\/api.w.org\/{rel}","templated":true}]}}