{"id":22,"date":"2017-04-25T19:03:21","date_gmt":"2017-04-25T17:03:21","guid":{"rendered":"http:\/\/musee-laruedutempsquipasse.fr\/?page_id=22"},"modified":"2025-03-27T20:43:56","modified_gmt":"2025-03-27T19:43:56","slug":"contact","status":"publish","type":"page","link":"https:\/\/musee-laruedutempsquipasse.fr\/?page_id=22","title":{"rendered":"Venir au mus\u00e9e"},"content":{"rendered":"\n<h3 class=\"wp-block-heading has-text-color\" style=\"color:#a30000\"><span style=\"color: #993300;\">Le mus\u00e9e est ouvert :<\/span><\/h3>\n\n\n\n<ul class=\"wp-block-list\">\n<li><strong>JUILLET et AO\u00dbT :<\/strong> tous les jours de 10h \u00e0 18h sans interruption.<\/li>\n<\/ul>\n\n\n\n<ul class=\"wp-block-list\">\n<li><strong>AVRIL, MAI, JUIN et SEPTEMBRE :<\/strong> tous les jours sauf le mercredi et le jeudi de 10h \u00e0 12h et de 14h \u00e0 18h.<\/li>\n<\/ul>\n\n\n\n<ul class=\"wp-block-list\">\n<li><strong>OCTOBRE et jusqu\u2019\u00e0 la fin des vacances de la Toussaint :<\/strong> tous les jours sauf le mercredi et le jeudi de 14h \u00e0 18h.<\/li>\n<\/ul>\n\n\n\n<ul class=\"wp-block-list\">\n<li><strong>LE MUSEE EST OUVERT LES JOURS FERIES.<\/strong><\/li>\n<\/ul>\n\n\n\n<figure><iframe loading=\"lazy\" style=\"border: 0;\" src=\"https:\/\/www.google.com\/maps\/embed?pb=!1m14!1m8!1m3!1d11317.11564956973!2d1.069447!3d44.836253!3m2!1i1024!2i768!4f13.1!3m3!1m2!1s0x0%3A0xb63eec27feed0418!2sMus%C3%A9e+La+Rue+du+temps+qui+passe!5e0!3m2!1sfr!2sfr!4v1493141347958\" width=\"600\" height=\"450\" frameborder=\"0\" allowfullscreen=\"allowfullscreen\"><\/iframe><\/figure>\n\n\n\n<h3 class=\"wp-block-heading has-text-color\" style=\"color:#a30000\">Tarif d&rsquo;entr\u00e9e :<\/h3>\n\n\n\n<ul class=\"wp-block-list\">\n<li><strong>Adultes :<\/strong> <em>8,50 euros<\/em><\/li>\n<\/ul>\n\n\n\n<ul class=\"wp-block-list\">\n<li><strong>Enfants de 6 \u00e0 12 ans :<\/strong> <em>7 euros<\/em><\/li>\n<\/ul>\n\n\n\n<ul class=\"wp-block-list\">\n<li><strong>Groupe (minimum 20 personnes) :<\/strong> <em>7 euros<\/em><\/li>\n<\/ul>\n\n\n\n<ul class=\"wp-block-list\">\n<li><strong>Scolaire (minimum 10 enfants) :<\/strong>\n<ul class=\"wp-block-list\">\n<li>Ecole maternelle : <em>4,50 euros par \u00e9l\u00e8ve<\/em><\/li>\n\n\n\n<li>Ecole primaire et coll\u00e8ge : <em>6,50 euros par \u00e9l\u00e8ve<\/em><\/li>\n<\/ul>\n<\/li>\n<\/ul>\n\n\n\n<h3 class=\"wp-block-heading has-text-color\" style=\"color:#a30000\">Pratique :<\/h3>\n\n\n\n<ul class=\"wp-block-list\">\n<li><strong>Le Mus\u00e9e est accessible aux personnes \u00e0 mobilit\u00e9 r\u00e9duite <\/strong><\/li>\n<\/ul>\n\n\n\n<ul class=\"wp-block-list\">\n<li><strong>Le parking du Mus\u00e9e est gratuit<\/strong><\/li>\n<\/ul>\n\n\n\n<ul class=\"wp-block-list\">\n<li><strong>Nos amis les animaux sont admis<\/strong><\/li>\n<\/ul>\n\n\n\n<ul class=\"wp-block-list\">\n<li><strong>Un espace pique nique est \u00e0 votre disposition<\/strong><\/li>\n<\/ul>\n\n\n\n<p><\/p>\n","protected":false},"excerpt":{"rendered":"<p>Le mus\u00e9e est ouvert : Tarif d&rsquo;entr\u00e9e : Pratique :<\/p>\n","protected":false},"author":1,"featured_media":0,"parent":0,"menu_order":0,"comment_status":"closed","ping_status":"closed","template":"","meta":{"jetpack_post_was_ever_published":false,"footnotes":""},"class_list":["entry","page","publish","author-admin3668","post-22"],"jetpack_sharing_enabled":true,"jetpack_shortlink":"https:\/\/wp.me\/P8Jj4g-m","jetpack_likes_enabled":true,"_links":{"self":[{"href":"https:\/\/musee-laruedutempsquipasse.fr\/index.php?rest_route=\/wp\/v2\/pages\/22","targetHints":{"allow":["GET"]}}],"collection":[{"href":"https:\/\/musee-laruedutempsquipasse.fr\/index.php?rest_route=\/wp\/v2\/pages"}],"about":[{"href":"https:\/\/musee-laruedutempsquipasse.fr\/index.php?rest_route=\/wp\/v2\/types\/page"}],"author":[{"embeddable":true,"href":"https:\/\/musee-laruedutempsquipasse.fr\/index.php?rest_route=\/wp\/v2\/users\/1"}],"replies":[{"embeddable":true,"href":"https:\/\/musee-laruedutempsquipasse.fr\/index.php?rest_route=%2Fwp%2Fv2%2Fcomments&post=22"}],"version-history":[{"count":38,"href":"https:\/\/musee-laruedutempsquipasse.fr\/index.php?rest_route=\/wp\/v2\/pages\/22\/revisions"}],"predecessor-version":[{"id":581,"href":"https:\/\/musee-laruedutempsquipasse.fr\/index.php?rest_route=\/wp\/v2\/pages\/22\/revisions\/581"}],"wp:attachment":[{"href":"https:\/\/musee-laruedutempsquipasse.fr\/index.php?rest_route=%2Fwp%2Fv2%2Fmedia&parent=22"}],"curies":[{"name":"wp","href":"https:\/\/api.w.org\/{rel}","templated":true}]}}