{"id":302,"date":"2019-12-02T01:00:11","date_gmt":"2019-12-02T00:00:11","guid":{"rendered":"http:\/\/musee-laruedutempsquipasse.fr\/?page_id=302"},"modified":"2019-12-02T01:12:55","modified_gmt":"2019-12-02T00:12:55","slug":"le-bistrot","status":"publish","type":"page","link":"https:\/\/musee-laruedutempsquipasse.fr\/?page_id=302","title":{"rendered":"Le bistrot"},"content":{"rendered":"\n<h3 class=\"has-text-color has-text-align-center wp-block-heading\" style=\"color:#a30000\"><strong>Un lieu atypique et charmant<\/strong><\/h3>\n\n\n\n<p>La Rue du Temps qui passe, c&rsquo;est aussi un bistrot 1900 accessible \u00e0 tous (m\u00eame hors visite)<\/p>\n\n\n\n<figure class=\"wp-block-gallery aligncenter columns-3 is-cropped wp-block-gallery-1 is-layout-flex wp-block-gallery-is-layout-flex\"><ul class=\"blocks-gallery-grid\"><li class=\"blocks-gallery-item\"><figure><img loading=\"lazy\" decoding=\"async\" width=\"500\" height=\"667\" src=\"http:\/\/musee-laruedutempsquipasse.fr\/wp-content\/uploads\/2019\/11\/photositenov20197.jpg\" alt=\"\" data-id=\"271\" data-full-url=\"http:\/\/musee-laruedutempsquipasse.fr\/wp-content\/uploads\/2019\/11\/photositenov20197.jpg\" data-link=\"http:\/\/musee-laruedutempsquipasse.fr\/?attachment_id=271\" class=\"wp-image-271\" srcset=\"https:\/\/musee-laruedutempsquipasse.fr\/wp-content\/uploads\/2019\/11\/photositenov20197.jpg 500w, https:\/\/musee-laruedutempsquipasse.fr\/wp-content\/uploads\/2019\/11\/photositenov20197-225x300.jpg 225w\" sizes=\"auto, (max-width: 500px) 100vw, 500px\" \/><\/figure><\/li><li class=\"blocks-gallery-item\"><figure><img loading=\"lazy\" decoding=\"async\" width=\"500\" height=\"301\" src=\"http:\/\/musee-laruedutempsquipasse.fr\/wp-content\/uploads\/2019\/11\/photositenov201912.jpg\" alt=\"\" data-id=\"276\" data-full-url=\"http:\/\/musee-laruedutempsquipasse.fr\/wp-content\/uploads\/2019\/11\/photositenov201912.jpg\" data-link=\"http:\/\/musee-laruedutempsquipasse.fr\/?attachment_id=276\" class=\"wp-image-276\" srcset=\"https:\/\/musee-laruedutempsquipasse.fr\/wp-content\/uploads\/2019\/11\/photositenov201912.jpg 500w, https:\/\/musee-laruedutempsquipasse.fr\/wp-content\/uploads\/2019\/11\/photositenov201912-300x181.jpg 300w\" sizes=\"auto, (max-width: 500px) 100vw, 500px\" \/><\/figure><\/li><li class=\"blocks-gallery-item\"><figure><img loading=\"lazy\" decoding=\"async\" width=\"500\" height=\"667\" src=\"http:\/\/musee-laruedutempsquipasse.fr\/wp-content\/uploads\/2019\/11\/photositenov20191.jpg\" alt=\"\" data-id=\"264\" data-full-url=\"http:\/\/musee-laruedutempsquipasse.fr\/wp-content\/uploads\/2019\/11\/photositenov20191.jpg\" data-link=\"http:\/\/musee-laruedutempsquipasse.fr\/?attachment_id=264\" class=\"wp-image-264\" srcset=\"https:\/\/musee-laruedutempsquipasse.fr\/wp-content\/uploads\/2019\/11\/photositenov20191.jpg 500w, https:\/\/musee-laruedutempsquipasse.fr\/wp-content\/uploads\/2019\/11\/photositenov20191-225x300.jpg 225w\" sizes=\"auto, (max-width: 500px) 100vw, 500px\" \/><\/figure><\/li><\/ul><\/figure>\n\n\n\n<p>Venez y d\u00e9couvrir ou red\u00e9couvrir les boissons des ann\u00e9es folles.<\/p>\n\n\n\n<div class=\"wp-block-image\"><figure class=\"aligncenter size-large\"><img loading=\"lazy\" decoding=\"async\" width=\"500\" height=\"375\" src=\"http:\/\/musee-laruedutempsquipasse.fr\/wp-content\/uploads\/2019\/11\/photositenov20195.jpg\" alt=\"\" class=\"wp-image-268\" srcset=\"https:\/\/musee-laruedutempsquipasse.fr\/wp-content\/uploads\/2019\/11\/photositenov20195.jpg 500w, https:\/\/musee-laruedutempsquipasse.fr\/wp-content\/uploads\/2019\/11\/photositenov20195-300x225.jpg 300w\" sizes=\"auto, (max-width: 500px) 100vw, 500px\" \/><\/figure><\/div>\n\n\n\n<p>En profitant d&rsquo;une terrasse ombrag\u00e9e au bord de la Dordogne&#8230;<\/p>\n\n\n\n<div class=\"wp-block-image\"><figure class=\"aligncenter size-large\"><img loading=\"lazy\" decoding=\"async\" width=\"500\" height=\"667\" src=\"http:\/\/musee-laruedutempsquipasse.fr\/wp-content\/uploads\/2019\/11\/terrnov2019asse.jpg\" alt=\"\" class=\"wp-image-311\" srcset=\"https:\/\/musee-laruedutempsquipasse.fr\/wp-content\/uploads\/2019\/11\/terrnov2019asse.jpg 500w, https:\/\/musee-laruedutempsquipasse.fr\/wp-content\/uploads\/2019\/11\/terrnov2019asse-225x300.jpg 225w\" sizes=\"auto, (max-width: 500px) 100vw, 500px\" \/><\/figure><\/div>\n","protected":false},"excerpt":{"rendered":"<p>Un lieu atypique et charmant La Rue du Temps qui passe, c&rsquo;est aussi un bistrot 1900 accessible \u00e0 tous (m\u00eame hors visite) Venez y d\u00e9couvrir ou red\u00e9couvrir les boissons des ann\u00e9es folles. En profitant d&rsquo;une terrasse ombrag\u00e9e au bord de la Dordogne&#8230;<\/p>\n","protected":false},"author":1,"featured_media":0,"parent":0,"menu_order":0,"comment_status":"closed","ping_status":"closed","template":"","meta":{"jetpack_post_was_ever_published":false,"footnotes":""},"class_list":["entry","page","publish","author-admin3668","post-302"],"jetpack_sharing_enabled":true,"jetpack_shortlink":"https:\/\/wp.me\/P8Jj4g-4S","jetpack_likes_enabled":true,"_links":{"self":[{"href":"https:\/\/musee-laruedutempsquipasse.fr\/index.php?rest_route=\/wp\/v2\/pages\/302","targetHints":{"allow":["GET"]}}],"collection":[{"href":"https:\/\/musee-laruedutempsquipasse.fr\/index.php?rest_route=\/wp\/v2\/pages"}],"about":[{"href":"https:\/\/musee-laruedutempsquipasse.fr\/index.php?rest_route=\/wp\/v2\/types\/page"}],"author":[{"embeddable":true,"href":"https:\/\/musee-laruedutempsquipasse.fr\/index.php?rest_route=\/wp\/v2\/users\/1"}],"replies":[{"embeddable":true,"href":"https:\/\/musee-laruedutempsquipasse.fr\/index.php?rest_route=%2Fwp%2Fv2%2Fcomments&post=302"}],"version-history":[{"count":7,"href":"https:\/\/musee-laruedutempsquipasse.fr\/index.php?rest_route=\/wp\/v2\/pages\/302\/revisions"}],"predecessor-version":[{"id":326,"href":"https:\/\/musee-laruedutempsquipasse.fr\/index.php?rest_route=\/wp\/v2\/pages\/302\/revisions\/326"}],"wp:attachment":[{"href":"https:\/\/musee-laruedutempsquipasse.fr\/index.php?rest_route=%2Fwp%2Fv2%2Fmedia&parent=302"}],"curies":[{"name":"wp","href":"https:\/\/api.w.org\/{rel}","templated":true}]}}